{"id":5,"date":"2015-01-15T18:43:36","date_gmt":"2015-01-15T16:43:36","guid":{"rendered":"http:\/\/www.wildgatter.net\/?page_id=5"},"modified":"2015-06-18T21:45:08","modified_gmt":"2015-06-18T19:45:08","slug":"programm","status":"publish","type":"page","link":"http:\/\/www.wildgatter.net\/?page_id=5","title":{"rendered":"Programm"},"content":{"rendered":"<p>&nbsp;<\/p>\n<p>Die Anreise ist ab Freitag den 26.06. m\u00f6glich. Zimmer k\u00f6nnen ab 16:00 Uhr bezogen werden.<\/p>\n<p>Wer bereits Freitag kommen m\u00f6chte, melde sich bitte im Vorraus bei uns. Die eigentliche Hochzeit findet am Samstag statt.<\/p>\n<p>&nbsp;<\/p>\n<p><span style=\"text-decoration: underline;\"><strong>Freitag<\/strong><\/span><\/p>\n<p><span style=\"text-decoration: underline;\">16:00 Uhr<\/span> Anreise<\/p>\n<p><span style=\"text-decoration: underline;\">19:00 Uhr<\/span> Grillen<\/p>\n<p><span style=\"text-decoration: underline;\">23:30 Uhr<\/span> Sperrstunde, am Samstag sollen alle fit sein&#8230;<\/p>\n<p>&nbsp;<\/p>\n<p><span style=\"text-decoration: underline;\"><strong>Samstag<\/strong><\/span><\/p>\n<p><span style=\"text-decoration: underline;\">11:00 Uhr<\/span> Trauung in Buckow<\/p>\n<p><span style=\"text-decoration: underline;\">13:00 Uhr<\/span> S\u00fcppchen am See in Haus Tornow<\/p>\n<p><span style=\"text-decoration: underline;\">13:30 Uhr bis 15:00 Uhr<\/span> Zeit f\u00fcr Erkundungen der Umgebung<\/p>\n<p><span style=\"text-decoration: underline;\">15:00 Uhr<\/span> <strong>Gruppenfoto<\/strong> und Brautstrau\u00dfwurf<\/p>\n<p><span style=\"text-decoration: underline;\">15:30 Uhr<\/span> Kaffee und Kuchen<\/p>\n<p><span style=\"text-decoration: underline;\">18:00 Uhr<\/span> Abendbrot f\u00fcr die Kinder<\/p>\n<p><span style=\"text-decoration: underline;\">19:30 Uhr<\/span> Abendbrot f\u00fcr die Erwachsenen<\/p>\n<p><span style=\"text-decoration: underline;\">ab 22:00 Uhr<\/span> Abendprogramm<\/p>\n<p>open end<\/p>\n<p>&nbsp;<\/p>\n<p><span style=\"text-decoration: underline;\"><strong>Sonntag<\/strong><\/span><\/p>\n<p><span style=\"text-decoration: underline;\">09:00 Uhr bis 12:00 Uhr\u00a0<\/span>\u00a0 Fr\u00fchst\u00fcck \/ Brunch<\/p>\n<p><span style=\"text-decoration: underline;\">bis 14:00 Uhr<\/span> R\u00e4umen der Zimmer<\/p>\n<p>Danach ist bei sch\u00f6nem Wetter noch die\u00a0 Nutzung der Badestelle und des Gel\u00e4ndes \/ Pavillons mit Bewirtung m\u00f6glich.<\/p>\n<p>&nbsp;<\/p>\n<p><span style=\"text-decoration: underline;\"><strong>Folgewoche<\/strong><\/span><\/p>\n<p>Wer l\u00e4nger bleiben m\u00f6chte, kann sein Zimmer m\u00f6glicherweise nach Absprache mit den Betreibern des Haus Tornow noch einige Tage weiter mieten.<\/p>\n<p>Wir fahren erst am 09. Juli in die Flitterwochen, falls noch jemand in Berlin bleibt, sind also sicher Treffen m\u00f6glich!<\/p>\n","protected":false},"excerpt":{"rendered":"<p>&nbsp; Die Anreise ist ab Freitag den 26.06. m\u00f6glich. Zimmer k\u00f6nnen ab 16:00 Uhr bezogen werden. Wer bereits Freitag kommen m\u00f6chte, melde sich bitte im Vorraus bei uns. Die eigentliche Hochzeit findet am Samstag statt. &nbsp; Freitag 16:00 Uhr Anreise 19:00 Uhr Grillen 23:30 Uhr Sperrstunde, am Samstag sollen alle fit sein&#8230; &nbsp; Samstag 11:00 &hellip; <a href=\"http:\/\/www.wildgatter.net\/?page_id=5\" class=\"more-link\"><span class=\"screen-reader-text\">Programm<\/span> weiterlesen<\/a><\/p>\n","protected":false},"author":1,"featured_media":0,"parent":0,"menu_order":0,"comment_status":"open","ping_status":"open","template":"","meta":{"footnotes":""},"_links":{"self":[{"href":"http:\/\/www.wildgatter.net\/index.php?rest_route=\/wp\/v2\/pages\/5"}],"collection":[{"href":"http:\/\/www.wildgatter.net\/index.php?rest_route=\/wp\/v2\/pages"}],"about":[{"href":"http:\/\/www.wildgatter.net\/index.php?rest_route=\/wp\/v2\/types\/page"}],"author":[{"embeddable":true,"href":"http:\/\/www.wildgatter.net\/index.php?rest_route=\/wp\/v2\/users\/1"}],"replies":[{"embeddable":true,"href":"http:\/\/www.wildgatter.net\/index.php?rest_route=%2Fwp%2Fv2%2Fcomments&post=5"}],"version-history":[{"count":17,"href":"http:\/\/www.wildgatter.net\/index.php?rest_route=\/wp\/v2\/pages\/5\/revisions"}],"predecessor-version":[{"id":300,"href":"http:\/\/www.wildgatter.net\/index.php?rest_route=\/wp\/v2\/pages\/5\/revisions\/300"}],"wp:attachment":[{"href":"http:\/\/www.wildgatter.net\/index.php?rest_route=%2Fwp%2Fv2%2Fmedia&parent=5"}],"curies":[{"name":"wp","href":"https:\/\/api.w.org\/{rel}","templated":true}]}}